 -77) + -74?
58
((7 + -3 - -6) + -11 - -7) + -9 + -61
-64
What is the value of (6 - (-14 + 3)) + 24 + 1?
42
-87 + 17 + 38 + (20 - -1) + 74 + 0
63
What is -1 - ((7 - 1) + -1 - (1175 - 1221))?
-52
What is the value of 0 - (-5 - ((-42 - -42) + -21 + 1))?
-15
Calculate 32 - (89 + 24 - 8).
-73
What is the value of -30 + (13 - (-6 - 3)) + -30?
-38
Evaluate 1 + -5 - ((12 + -58 - -15) + -12).
39
Evaluate -29 + -27 + 18 - ((-9 - 4) + -3 + 6).
-28
What is the value of -7 - 2 - 2 - (3 - (-16 + 61))?
31
Evaluate -2 + 6 + 23 + -4 + -79.
-56
Evaluate 64 - (-14 - (-20 + 23 + -2)).
79
Evaluate (123 - -6) + (-104 + -20 - -90).
95
What is the value of 14 - 45 - (-55 - (122 - 51))?
95
-295 + 320 - (8 - (-10 + 6))
13
What is the value of 46 + 14 + -39 - -16?
37
What is -2 + 0 + (17 + 42 + -44 - (2 - -27))?
-16
What is the value of (1 - -67 - (-5388 - -5384)) + 2 + -6 + -2?
66
What is 3 + -37 - -66 - (72 - 7)?
-33
(2 - -23) + (18 - 37 - -15) + (0 - -4)
25
What is -12 + (3 - 14 - -22) + (3 - (2 - 23))?
23
Evaluate -4360 + 4346 + (13 - (0 - 1)).
0
Evaluate (-89 - (21 + -55)) + 81.
26
Calculate -644 + 657 - (-10 + (3 - -1)).
19
Calculate -104 - (87 + -137) - -16.
-38
Evaluate -2028 + 2052 + (0 + -1 - 11) + 12.
24
Calculate (80 - 94) + -8 - -106.
84
What is -68 + (71 - 47) + 17?
-27
Calculate 61 + -14 + (-31 - 53).
-37
20 + -1 + (-33 - -31 - 53)
-36
(57 - 39) + -5 + -2 + 2 + -19 - 97
-103
27 + (-10 - (-23 + 15 - -107))
-82
22 - 11 - -6 - -37
54
Calculate (-1 - 111) + (-129 - -348 - 211).
-104
What is -5 - (3 + (7 - 4)) - (3 - (-4 + 8))?
-10
What is the value of 29 + -13 + -17 + 0 - (-48 - 0)?
47
What is the value of -86 - (53 + -18 + -221)?
100
Calculate -4 + 15 + -1 + 4 + 97 + -115.
-4
What is 2 - (-79 + 42) - (-11 - -5)?
45
Calculate -21 + (2 - (-13 - -10 - -16)).
-32
What is the value of -1 - -6 - (-431 - -427)?
9
What is 20 + -4 + -26 + -2 + 25?
13
Calculate 243 + -232 - (18 + (-6 - -4)) - 34.
-39
What is 7 + 19 - (44 + -2)?
-16
25 + (-1 - (-4 + -4 + -11 + 7)) - -12
48
Evaluate 35 + 3 + -7 + 11 + 4.
46
Evaluate (40 + -35 - 109) + 53.
-51
Calculate (0 + -3 - (33 - 35) - -3) + -22 + 22.
2
15 + -69 + 41 + -49
-62
What is (4 + 6 - -3) + 12 - 20?
5
Evaluate (-38 + 88 - 39) + 23.
34
Evaluate -40 + -1 + -22 + 96.
33
Calculate 9 + -17 - (-10 + 21 + -16 + (-2 - 12)).
11
What is the value of -5 + -1 + (-18 - (-46 - -20)) + 7 + -9?
0
Evaluate (-17 - (-7 - -2) - (-5 + -5)) + 25.
23
Evaluate -9 - 4 - (-38 + -10).
35
What is the value of -14 + (11 - 74) + 41?
-36
Evaluate 12 + 5 + -4 - 8 - 38.
-33
(0 - 43) + (-485 - -484)
-44
What is -13 - ((-37 - (-10 + -28)) + (-13 - -2))?
-3
(0 - (50 + -4)) + (-3 - -7) + -10
-52
Calculate 71 + 31 + (-21 + -14 + 15 - 1).
81
What is -27 - -6 - (-66 + (18 - 34))?
61
Evaluate 72 - (211 + -56 + -86).
3
Evaluate -53 - (85 + -108 + 69).
-99
22 + (28 - 60) + 6
-4
24 + (2 - (-1 + (10 + -16 - 5)))
38
What is the value of -1 + 54 - (-800 - -821) - (-1 + 1 - 9)?
41
1 - (2 - 0 - (-349 + 351))
1
Calculate -171 + 171 + -3 + -9 - (88 + (-3 - 1)).
-96
What is (150 + -153 - (-2 + 4 + -7)) + (-1 - 5)?
-4
What is 142 + 86 + -46 + -116?
66
Evaluate -10 + 17 + -24 - 19 - -48.
12
What is (163 - 43) + 14 + -14 + (12 + 2 - 2)?
132
2 + 26 + -4 - 42 - 31
-49
Calculate (2 - -6) + (2 - 12) - (0 + 47) - 6.
-55
Evaluate 4 - ((-3 - -2) + 6 - (52 - 55)) - -43.
39
6 + (8 - 7) + -12 - (25 - (17 + -3))
-16
-1 + 43 + (-31 - (53 - 60))
18
Calculate (10 - (-21 + 26)) + -5 + 8.
8
What is 79 + -1 - (352 + (-525 - -207))?
44
Calculate (2 - 14) + 177 + (80 - 176).
69
Calculate (-187 - -77) + 62 + -20.
-68
Calculate -26 - -30 - ((5 - 3) + 3 - 2) - 15.
-14
Calculate (-29 + 34 - (9 + -5 + 46)) + 5.
-40
What is the value of (-10 - 0) + ((-8 - -4) + 12 - (-1 + 14))?
-15
What is the value of (-10 + 3 - -50 - (12 - 1)) + -1?
31
Calculate -21 - -22 - (-2 - -61) - (2 - -15).
-75
What is the value of 82 + 24 + -50 - 2?
54
Evaluate 29 + (-14 - 38 - 19).
-42
Calculate -14 - (-28 + -19) - 22 - -28.
39
831 + -828 + -71 + -4
-72
What is 20 - (68 - (75 - -1))?
28
What is (-2 + -29 - -4) + 373 + -418 - (-7 + 1)?
-66
What is the value of -15 + 67 + 20 + 27 + -18?
81
48 - (3 - (-32 - 21))
-8
What is the value of -27 - (38 + 17) - -118?
36
What is (-500 + 495 - (-41 + 0)) + 1?
37
Evaluate -1020 + 1079 - (0 + -44).
103
What is 1 + 2 + 1 + 48 + -36 + -14 + 50?
52
Evaluate 128 - 9 - (-1 + 0 - (47 + (-82 - -27))).
112
What is (17 + -1 + -259 + 239 - (-1 - -20)) + 5?
-18
What is 7 - (-8 - 34) - (67 - 66)?
48
What is the value of (-24 - (2 - 2)) + 41 + (43 - 114 - -34)?
-20
What is 1 - (24 - 14) - -7?
-2
Calculate (-2 - (-3 + 11)) + 14 + 11 + -14 + -4.
-3
What is the value of (-79 + 26 + 48 - (0 + -2 + 2)) + 41?
36
5 + 12 + 48 + (29 - 38)
56
(-36 - (-112 - -65)) + 17
28
Evaluate -22 + (82 - 134 - -20).
-54
What is -32 - (13 - 5) - (-33 - -26)?
-33
What is the value of (-73 - -106) + -72 - 44?
-83
What is the value of 19 + 6 + -4 + -239 + 225 + (0 - -81)?
88
Evaluate 4 + 3 + -6 + -1 - (527 + -494).
-33
Evaluate 29 - (8 - 4) - (-22 + (-6 - -27)).
26
Calculate (-3 - (1 - (-1 - 7) - 16)) + -8 - 69.
-73
What is the value of (57 - -1) + (8 - (405 - 422 - (-2 + -11)))?
70
What is the value of -43 + (52 - 15) - -14?
8
-12 - ((-5 + -7 + 8 - 0) + 37)
-45
Evaluate 78 + -1 - (-15616 + 15744).
-51
Evaluate -4046 + 4128 + -59 + -1.
22
What is the value of (-26 - (-8 + 22)) + -66?
-106
-2 + -56 + 14 + (10 - (8 - (-1 + -3)))
-46
Evaluate (58 + 44 - 120) + -87.
-105
What is the value of -24 + 1 + (-3 - (35 + -6 + -7 + -16))?
-32
(-3 - -74) + (-3388 - -3391)
74
Calculate (5 - (-15 + 39)) + 10 + (5 - 3 - -35).
28
(-2 - -20) + (45 + 8 + -43 - 134)
-106
What is (-65 - 0) + (230 - (51 + 149))?
-35
What is the value of -8 + (-128 - -25) + -10 + 5 + 5 + -9?
-120
What is -91 + 70 + 46 + (-3 - 22)?
0
Evaluate -26 + (-3 - (11 + -12 + 6)) + -10.
-44
(26 - -48) + -68 + 1 + 6
13
Evaluate (15 - 2) + (2 + (11 - 29) - -19).
16
Calculate (85 - (-1 + (-21 + 9 - -25))) + -11.
62
17 + 0 - 6 - (-18 + (63 - 72))
38
Evaluate -12 + 9 + (-12 + 2 - -1).
-12
Calculate (-86 - (-17 - 5) - -19) + 10.
-35
Evaluate (-30 - (-92 - (-46 + 25))) + 18.
59
What is the value of -54 - (-9 + -49) - -38?
42
What is -18 + (22 - 9) + -17 + 17?
-5
(-4 - -5) + (58 - (3 - 0)) + -86 + 77
47
What is -52 + 39 + (1 - -62) + 17?
67
What is the value of -2 + (-12 - (-12 - -10) - -4) + 7 - 47?
-48
What is the value of (3 + 7 + -14 + 16 - 22) + 98 + 2?
90
What is the value of -59 + 28 - ((-13 - 1) + (-9 - -17))?
-25
-8 + 18 + (14 - -4 - -26)
54
Calculate 0 - 33 - (-8 + 28 + -17) - (103 - 107).
-32
Evaluate -26 - (-71 - (-2 + -7 + -12)).
24
(-218 - -303) + (7 - (42 + -7))
57
Calculate (12 - 9) + 50 + (8 - 8) + -11.
42
Evaluate -15 - (-8 + (7 - 2 - (14 + -21))).
-19
What is (-14 - ((-25 - 52) + 33)) + 34?
64
Evaluate (-1 - -3 - -62) + (58 - 57 - 3).
62
(-18 - -42) + 6 + 4
34
Evaluate -151 - ((-61 - 197) + 138).
-31
-1 + 1 + 30 + 15587 + -15577
40
Evaluate 61 + -20 + (-60 + 13 - -19).
13
Calculate (46 + 3 - -12) + -100 + 72.
33
What is the value of 35 - 30 - (3 + 0 + (-24 - (-127 + 33)))?
-68
What is the value of (-52 - (107 - 80)) + -10?
-89
Evaluate 1 + (-9 - 0) - (423 + -425) - (-23 - -21).
-4
Evaluate 0 + (73 - 18) - 4.
51
Calculate 127 + -121 + 60 + 11.
77
Calculate -4 - ((9 - -2) + -4 + -14 + -52).
55
What is the value of 4 + 5 - (-2 + (22 - 61))?
50
What is (-2 + -20 + 68 - 56) + (3 - (-3 + 1))?
-5
What is 97 - 67 - 10 - 86?
-66
What is -12 + 315 - 152 - 74?
77
Calculate 8 - (2 - 4 - -1 - ((-18 - 34) + 46)).
3
Evaluate -2 - -132 - (-11 + 16) - ((-11 - -29) + -13).
120
What is the value of 1 + 1 - (-27 + (-1 - -21))?
9
What is the value of 6292 + -6257 - (1 - -22)?
12
Calculate (10 - 15) + 21 + 16 + (-26 - -14).
20
What is the value of (12 - 3 - 1) + (-1 - -3) - (-124 + 59)?
75
4 + -2 + -8 - (-22 + -23 + -4 + 9)
34
Evaluate -9 + 33 + -3 + -17 + (1 - -1 - 50).
-44
Evaluate 32 + (-19 - (-20 - -78)) - 30.
-75
What is -150 + 16 - (49 - (-34 - -128))?
-89
Calculate -26 - ((-2 - 19) + 21 + 5).
-31
54 + (0 + (-1 - 0) + 1 - (-895 + 901))
48
-5 + (580 - 566 - (26 + (-2 - 0)))
-15
What is -103 + (1 + -3 - 5 - (58 - 74) - -2)?
-92
Calculate (-6 + 1 - 34) + 17 + 19 - (-140 - 0).
137
Evaluate 73 - (49 - (-14 - -47)).
57
Evaluate 98 - 12 - (60 + -15).
41
What is the value of (0 - -2) +